m = 2*s - 7*s - 15. Let a(r) = 3*r + 4*r - m*r. Calculate a(i).
5
Let a = -57 - -55. Let y(f) = -f**2 - 2*f - 1. What is y(a)?
-1
Let u(t) = -3*t**2 + 2. Let k(x) = -7*x**2 - x + 3. Let s(i) = 2*k(i) - 5*u(i). Determine s(4).
4
Let n(d) = 3*d**2 + d. Let p = 15 - 14. What is n(p)?
4
Let m be 1 - (3 + -3 + -1). Suppose -6 = -m*d + 4*d. Let a(p) = 4 + 0 + 4*p - 2. Determine a(d).
-10
Let x(h) = h + 3. Let a be x(9). Let c(q) = 4*q - 7 - a*q - q**3 + 0*q**3 - 7*q**2. Let w be c(-6). Let i(g) = -g**3 + 6*g**2 - 3*g - 2. Give i(w).
8
Let q(r) = -2*r**3 - 2*r**2 + 2*r. Let h be q(-2). Let s = 1 + h. Let b(i) = 2*i. Let o(y) = -6*y + 1. Let k(t) = 8*b(t) + 3*o(t). Give k(s).
-7
Let t(q) be the third derivative of q**6/360 - q**5/20 + q**4/24 - q**3/3 + 2*q**2. Let y(u) be the first derivative of t(u). Let z be 30/9*3/2. Calculate y(z).
-4
Let s(f) = -f. Let w(v) = -6*v. Let o(k) = -15*s(k) + 2*w(k). Let d(a) = a**3 - 4*a**2 + 5*a - 3. Let j be d(3). Give o(j).
9
Let g(d) be the first derivative of 2*d**2 + 4*d + 17. Calculate g(-3).
-8
Let q(z) = z - 4. Let m be q(5). Suppose m + 2 = t, y + 12 = 2*t. Let c(o) = -o**3 - 5*o**2 + 6*o + 7. Determine c(y).
7
Suppose -3*b + 5*k = 19, 0*b - 31 = -3*b - 5*k. Let x(g) = 4*g + 4*g**2 - 5*g**b - 5 + 0*g**2. Let h be 2/(-7) + 60/14. What is x(h)?
-5
Let p be (-1 - 14/(-10))*-5. Let r(l) = l**2 + l - 2. What is r(p)?
0
Let l = -4 - -9. Let d(w) be the third derivative of -w**5/60 + 5*w**4/24 - 7*w**3/6 - 7*w**2. Give d(l).
-7
Suppose 2*d + 2*d = 80. Suppose -d = -0*j - 5*j. Let s(c) be the first derivative of c**4/4 - 4*c**3/3 + 2*c - 1. What is s(j)?
2
Let x(b) = -3*b**3 - b. Let j = -7 - -2. Let d = j + 6. Give x(d).
-4
Let f = -15 - -20. Suppose -3*d - 12 = 0, 2*d + 7 = -4*n - f. Let h(l) = -5*l. Calculate h(n).
5
Let w = -12 + 4. Let z(m) = -m**3 - 7*m**2 + 10*m + 10. Give z(w).
-6
Let w(p) = -10*p - 2*p**2 - 1 - 22*p + 30*p. Determine w(-1).
-1
Let p(a) be the second derivative of a**3/2 - 2*a**2 - 9*a. Give p(3).
5
Let p(x) = 3*x - 1 + 3*x - x - x. Determine p(-2).
-9
Let b(w) = -3*w**2 + 22*w + 27. Let u(y) = -5*y**2 + 33*y + 41. Let i(r) = -8*b(r) + 5*u(r). Give i(-9).
7
Let p(a) be the third derivative of 2*a**2 + 0*a + 1/40*a**5 + 1/6*a**3 + 0 + 0*a**4. Let x(t) be the first derivative of p(t). Determine x(1).
3
Suppose 0 = 5*b - 39 + 9. Let p(c) = c**3 + c**2 + c + 1. Let x(z) = -5*z**3 - 13*z**2 + 1. Let l(d) = 6*p(d) + x(d). Determine l(b).
7
Let h(v) = v + 2. Let z(i) = i**3 - 5*i**2 - 6*i - 2. Suppose -4*n = 15 - 39. Let r be z(n). Calculate h(r).
0
Let y(s) = s - 1. Suppose -5*j - 3 = -6*j, 4*j = -d + 10. Let i = 4 + d. Suppose 0 = i*r + 2*r + 8. What is y(r)?
-3
Let c(h) = -h - 1. Let w be (-1 + 0 + 16)*1/(-3). Calculate c(w).
4
Suppose 2 = -5*z + 12. Let l(w) be the second derivative of w**2 - 1/2*w**3 + 0 - w. Calculate l(z).
-4
Let f(b) be the first derivative of b**5/60 + b**4/6 + 2*b**3/3 + 5*b**2/2 + 2. Let w(m) be the second derivative of f(m). Give w(-4).
4
Let p be ((-18)/(-15))/(1/5). Let j(l) = -p*l + 5*l**2 + 2*l**2 - l**2 + 7*l. Calculate j(-1).
5
Let t(h) = 1 + 2*h + 2 - 7 - h. Let s be t(2). Let f(j) = 3*j - 1. Determine f(s).
-7
Suppose 5*o + 0*o + 3*v = 47, 0 = 2*v + 2. Let b = o - 4. Let c(t) = t**2 - 7*t + 5. Determine c(b).
-1
Let z(a) = 5 + 4*a**2 + 4*a - 1 + 0 - a**3. Let w be (14 - -1)*1/3. Calculate z(w).
-1
Let g(t) = 8*t. Suppose 0 = 5*i - 2 - 3. What is g(i)?
8
Let p(u) = u**3 + 5*u**2 + 5*u + 3. Suppose 6 = -q + 3. Determine p(q).
6
Let i(b) = b + 4. Let d be i(-2). Let v(q) = q**2 + d + 5*q + 11*q - 15*q. What is v(0)?
2
Let v(r) = -r**2 + 7*r - 5. Let d = -1 - -10. Suppose 3*p - d = 6. Determine v(p).
5
Let a(p) be the first derivative of -p**4/4 - p**3 + 3*p**2/2 - p - 28. Let k be (12/(-10))/((-9)/(-30)). Calculate a(k).
3
Let y be 0*((2 - 3) + 2). Let a(q) = 9 - 2 - q - q + y. Let f be -10*(-1 + 1/2). Give a(f).
-3
Suppose 5*h - 30 = -2*s, -35 + 9 = -2*s - 4*h. Let g(u) = -u**2 + 2*u + 7. Give g(s).
-8
Let p(t) = 3*t - 15. Let k(r) = 5*r - 23. Let g(c) = -5*k(c) + 8*p(c). Suppose -4*w + 60 = -w. Suppose -4*f = -0*f + w. Give g(f).
0
Let u(y) be the first derivative of -y**2 + 2*y - 1. Let s(c) = -c**3 - 3*c**2 + 5*c. Let h be s(-4). Calculate u(h).
10
Let k(l) = l - 5. Let o(d) = -2*d + 9. Let y(a) = 11*k(a) + 6*o(a). Let i = -24 + 14. Let v = 9 + i. Determine y(v).
0
Let q(o) = -o**3 + 4*o**2 + 8*o - 7. Let h be 6/(-4)*(-16)/6. Let a = -1 - -2. Let n = a + h. Determine q(n).
8
Let d be (3 - 6) + 5/1. Let g be ((-1)/d)/(8/(-48)). Let l(o) = -o. Give l(g).
-3
Suppose -4*d = -1 + 9. Let m(a) be the third derivative of 5*a**4/24 - a**2. What is m(d)?
-10
Let j(u) = -3*u - 1. Let d be 18/(-10) + (-2)/10. Let o be (-35)/10 - (-2)/(-4). Let r = o - d. What is j(r)?
5
Suppose -4*x + 31 = 5*v, -2*x + v + 2*v = 1. Let j(r) = -2*r**2 + 3*r - 11. Let k(g) = 2 - 1 + g - 7 - g**2. Let c(w) = -3*j(w) + 5*k(w). Calculate c(x).
3
Suppose w + 12 = -14. Let h be w/(-5) - 4/20. Let u(m) = m**3 - 6*m**2 + 8*m - 7. Calculate u(h).
8
Let s(o) be the third derivative of o**4/24 + o**3/3 + 30*o**2. Let w = -6 - -4. Give s(w).
0
Let s(c) be the second derivative of c**4/12 + 5*c**3/6 + 3*c**2 + 6*c. Give s(-4).
2
Suppose 3*r + y + 4 = 0, -4*y - 16 = r + 3*r. Suppose n - 4*c + 1 = 0, 2*c - 32 = -4*n - r*c. Let h(m) = 2*m - 10. What is h(n)?
4
Let i(b) = -1 + 0 - 4*b - b**2 + 7*b - b**3. Suppose -3*k - 3 = 0, -l = 5*k + 4 + 3. Let p be l + (5 - 1) - 0. Calculate i(p).
-7
Let x(t) be the third derivative of -t**8/5040 + t**7/2520 - t**6/720 - t**5/30 - 2*t**2. Let y(o) be the third derivative of x(o). Determine y(1).
-3
Let v(m) = m**3 - 4*m**2 + 2*m - 1. Let c = -8 - -11. Suppose c = -w - 0. Let k be (1 + -2)*w + 1. Give v(k).
7
Let k(n) = -5*n. Let o = 3 + 2. Let r be 12/9*(-3)/1. Let l = r + o. Determine k(l).
-5
Let a be (3/4)/((-6)/24) - -2. Let v(m) be the first derivative of m**4/4 - m**3/3 + 1. What is v(a)?
-2
Let i = -15 + 21. Suppose -4*y = -i - 2. Let x(b) = b**2 - 4*b + 1. Determine x(y).
-3
Let a(y) = y + 7. Let p(d) = -d - 6. Let s(h) = -2*a(h) - 3*p(h). Let r be 14*(-2)/(-2) - -2. Suppose 5*j = j - r. Calculate s(j).
0
Let m(p) be the first derivative of -p**3/6 + 3*p**2/2 + 4*p + 2. Let b(z) be the first derivative of m(z). Determine b(0).
3
Let c(o) = o + 2. Suppose -20 = -0*k + k. Let w be (-3)/(-6)*k/(-2). What is c(w)?
7
Let m(b) = 2*b - 1. Let u(g) = -g**3 + 4*g**2 - 3*g. Let h be u(3). Let v = h - -2. Calculate m(v).
3
Let z(u) = u**3 - 8*u**2 + 4*u + 8. Let j(b) = -b**2 + 27*b - 19. Let i be j(26). What is z(i)?
-13
Suppose -4 = 6*j - 4. Let t(b) = b**2 + b + 5. Give t(j).
5
Let k be (-1)/((2/(-2))/5). Let t(l) = l - k*l - l. Let w be 2/7 + 18/(-14). What is t(w)?
5
Let f(t) = -8*t**3 - t**2 - t + 1. Let x(m) = -3*m + 1. Let h be x(-1). Suppose 0*o + 4*o - h = 0. What is f(o)?
-9
Let c be (2/((-16)/(-4)))/((-3)/42). Let p(v) = v**3 + 8*v**2 + 10*v + 6. What is p(c)?
-15
Let s = -6 - -1. Let n(d) = d**2 + d. Let v(c) = -3*c**2 + 2*c - 7. Let g(x) = -4*n(x) - v(x). Give g(s).
12
Let z be 7 + (-2 - (-2 - -2)). Let u = -2 + z. Let l(v) = -v**2 + 3. Let t(s) = s**2 - 3. Let n(k) = 5*l(k) + 6*t(k). Give n(u).
6
Let x be (10 - 0)*((-10)/4 + 2). Let u(f) = f**2 + 5*f - 4. Calculate u(x).
-4
Let k(b) = b**2 - b + 1. Let y(w) = 3*w**2 - 5*w + 8. Let z(u) = 4*k(u) - y(u). Let g(f) be the first derivative of z(f). Let s = 2 + -1. Give g(s).
3
Let b(h) be the first derivative of 1/3*h**3 - 2*h - 3*h**2 - 2. Calculate b(5).
-7
Let q(d) = 3 - 330*d**3 + 329*d**3 - 2. Let z = 1 + -1. What is q(z)?
1
Suppose s = -6 + 1. Let l(g) = g**2 + 5*g - 3. Calculate l(s).
-3
Let z(m) = -5*m**3 - m. Let o(p) = -2*p**3 + 2*p**2 - p. Let n be o(1). Determine z(n).
6
Suppose -4*r + 6 = -2*r. Let y(m) = -m**3 + 4*m**2 - 4*m + 2. Determine y(r).
-1
Suppose -2*b = -3*x - 27, -6*b - 3*x + 15 = -b. Let j(p) = -p**3 + 6*p**2 - p - 2. Determine j(b).
-8
Let g(m) = -m**3 - 3*m**2 - 4*m - 4. Suppose 20 = -4*a - 2*s, -a - 4*s - 28 = 3*a. Determine g(a).
8
Let m(b) be the second derivative of b**4/24 - 5*b**3/6 + b**2 + 9*b. Let t(p) be the first derivative of m(p). What is t(0)?
-5
Let p be (-3)/4 - (-29)/(-4). Let o be (-2 - p) + -4 + 3. Let q(b) = b**3 - 5*b**2 + 3*b. What is q(o)?
15
Let p = 7 - 7. 